{"id":323,"date":"2023-11-13T16:16:26","date_gmt":"2023-11-13T16:16:26","guid":{"rendered":"http:\/\/authleticwear\/?post_type=product&#038;p=323"},"modified":"2026-04-22T08:26:35","modified_gmt":"2026-04-22T08:26:35","slug":"flora-jacket-black","status":"publish","type":"product","link":"https:\/\/authleticwear.com\/sk\/product\/flora-jacket-black\/","title":{"rendered":"Bunda Flora \u2013 \u010cierna"},"content":{"rendered":"","protected":false},"excerpt":{"rendered":"<p>Zozn\u00e1mte sa s na\u0161ou bundou Flora \u2013 ide\u00e1lnou bundou pre v\u0161etky va\u0161e aktivity, \u010di u\u017e ste akt\u00edvni, alebo si len u\u017e\u00edvate pohodlie domova. Jej \u00fazky strih zv\u00fdrazn\u00ed va\u0161e krivky a umo\u017en\u00ed v\u00e1m \u013eahko sa pohybova\u0165. Skvel\u00e1 do posil\u0148ovne, na beh alebo na prech\u00e1dzky vonku. T\u00e1to bunda zapadne priamo do v\u00e1\u0161ho \u017eivota, tak\u017ee ju mus\u00edte ma\u0165 vo svojom \u0161atn\u00edku.<\/p>\n<p><strong>Materi\u00e1l:<\/strong><br \/>\n&#8211; 80% Nylon<br \/>\n&#8211; 20% Elastan<\/p>\n","protected":false},"featured_media":1783,"comment_status":"open","ping_status":"closed","template":"","meta":{"_acf_changed":false,"bwfblock_default_font":"","inline_featured_image":false},"product_brand":[],"product_cat":[47,30],"product_tag":[54],"class_list":{"0":"post-323","1":"product","2":"type-product","3":"status-publish","4":"has-post-thumbnail","6":"product_cat-flora","7":"product_cat-tops","8":"product_tag-uzky-strih","10":"first","11":"outofstock","12":"sale","13":"shipping-taxable","14":"purchasable","15":"product-type-variable","16":"has-default-attributes","17":"wvs-archive-product-wrapper"},"acf":[],"yoast_head":"<!-- This site is optimized with the Yoast SEO plugin v27.4 - https:\/\/yoast.com\/product\/yoast-seo-wordpress\/ -->\n<title>Bunda Flora \u2013 \u010cierna - Authletic SK<\/title>\n<meta name=\"robots\" content=\"index, follow, max-snippet:-1, max-image-preview:large, max-video-preview:-1\" \/>\n<link rel=\"canonical\" href=\"https:\/\/authleticwear.com\/sk\/product\/flora-jacket-black\/\" \/>\n<meta property=\"og:locale\" content=\"sk_SK\" \/>\n<meta property=\"og:type\" content=\"article\" \/>\n<meta property=\"og:title\" content=\"Bunda Flora \u2013 \u010cierna - Authletic SK\" \/>\n<meta property=\"og:description\" content=\"Zozn\u00e1mte sa s na\u0161ou bundou Flora \u2013 ide\u00e1lnou bundou pre v\u0161etky va\u0161e aktivity, \u010di u\u017e ste akt\u00edvni, alebo si len u\u017e\u00edvate pohodlie domova. Jej \u00fazky strih zv\u00fdrazn\u00ed va\u0161e krivky a umo\u017en\u00ed v\u00e1m \u013eahko sa pohybova\u0165. Skvel\u00e1 do posil\u0148ovne, na beh alebo na prech\u00e1dzky vonku. T\u00e1to bunda zapadne priamo do v\u00e1\u0161ho \u017eivota, tak\u017ee ju mus\u00edte ma\u0165 vo svojom \u0161atn\u00edku.  Materi\u00e1l: - 80% Nylon - 20% Elastan\" \/>\n<meta property=\"og:url\" content=\"https:\/\/authleticwear.com\/sk\/product\/flora-jacket-black\/\" \/>\n<meta property=\"og:site_name\" content=\"Authletic SK\" \/>\n<meta property=\"article:publisher\" content=\"https:\/\/facebook.com\/authletic\/\" \/>\n<meta property=\"article:modified_time\" content=\"2026-04-22T08:26:35+00:00\" \/>\n<meta property=\"og:image\" content=\"https:\/\/authleticwear.com\/sk\/wp-content\/uploads\/sites\/4\/2024\/07\/SK-flora-jacket-black.jpg\" \/>\n\t<meta property=\"og:image:width\" content=\"1400\" \/>\n\t<meta property=\"og:image:height\" content=\"2000\" \/>\n\t<meta property=\"og:image:type\" content=\"image\/jpeg\" \/>\n<meta name=\"twitter:card\" content=\"summary_large_image\" \/>\n<meta name=\"twitter:label1\" content=\"Predpokladan\u00fd \u010das \u010d\u00edtania\" \/>\n\t<meta name=\"twitter:data1\" content=\"1 min\u00fata\" \/>\n<script type=\"application\/ld+json\" class=\"yoast-schema-graph\">{\"@context\":\"https:\\\/\\\/schema.org\",\"@graph\":[{\"@type\":\"WebPage\",\"@id\":\"https:\\\/\\\/authleticwear.com\\\/sk\\\/product\\\/flora-jacket-black\\\/\",\"url\":\"https:\\\/\\\/authleticwear.com\\\/sk\\\/product\\\/flora-jacket-black\\\/\",\"name\":\"Bunda Flora \u2013 \u010cierna - Authletic SK\",\"isPartOf\":{\"@id\":\"https:\\\/\\\/authleticwear.com\\\/sk\\\/#website\"},\"primaryImageOfPage\":{\"@id\":\"https:\\\/\\\/authleticwear.com\\\/sk\\\/product\\\/flora-jacket-black\\\/#primaryimage\"},\"image\":{\"@id\":\"https:\\\/\\\/authleticwear.com\\\/sk\\\/product\\\/flora-jacket-black\\\/#primaryimage\"},\"thumbnailUrl\":\"https:\\\/\\\/authleticwear.com\\\/sk\\\/wp-content\\\/uploads\\\/sites\\\/4\\\/2024\\\/07\\\/SK-flora-jacket-black.jpg\",\"datePublished\":\"2023-11-13T16:16:26+00:00\",\"dateModified\":\"2026-04-22T08:26:35+00:00\",\"breadcrumb\":{\"@id\":\"https:\\\/\\\/authleticwear.com\\\/sk\\\/product\\\/flora-jacket-black\\\/#breadcrumb\"},\"inLanguage\":\"sk-SK\",\"potentialAction\":[{\"@type\":\"ReadAction\",\"target\":[\"https:\\\/\\\/authleticwear.com\\\/sk\\\/product\\\/flora-jacket-black\\\/\"]}]},{\"@type\":\"ImageObject\",\"inLanguage\":\"sk-SK\",\"@id\":\"https:\\\/\\\/authleticwear.com\\\/sk\\\/product\\\/flora-jacket-black\\\/#primaryimage\",\"url\":\"https:\\\/\\\/authleticwear.com\\\/sk\\\/wp-content\\\/uploads\\\/sites\\\/4\\\/2024\\\/07\\\/SK-flora-jacket-black.jpg\",\"contentUrl\":\"https:\\\/\\\/authleticwear.com\\\/sk\\\/wp-content\\\/uploads\\\/sites\\\/4\\\/2024\\\/07\\\/SK-flora-jacket-black.jpg\",\"width\":1400,\"height\":2000},{\"@type\":\"BreadcrumbList\",\"@id\":\"https:\\\/\\\/authleticwear.com\\\/sk\\\/product\\\/flora-jacket-black\\\/#breadcrumb\",\"itemListElement\":[{\"@type\":\"ListItem\",\"position\":1,\"name\":\"Home\",\"item\":\"https:\\\/\\\/authleticwear.com\\\/sk\\\/\"},{\"@type\":\"ListItem\",\"position\":2,\"name\":\"Shop\",\"item\":\"https:\\\/\\\/authleticwear.com\\\/sk\\\/shop\\\/\"},{\"@type\":\"ListItem\",\"position\":3,\"name\":\"Bunda Flora \u2013 \u010cierna\"}]},{\"@type\":\"WebSite\",\"@id\":\"https:\\\/\\\/authleticwear.com\\\/sk\\\/#website\",\"url\":\"https:\\\/\\\/authleticwear.com\\\/sk\\\/\",\"name\":\"Authletic SK\",\"description\":\"I am Authentic. I am Athletic. I am Authletic.\",\"publisher\":{\"@id\":\"https:\\\/\\\/authleticwear.com\\\/sk\\\/#organization\"},\"potentialAction\":[{\"@type\":\"SearchAction\",\"target\":{\"@type\":\"EntryPoint\",\"urlTemplate\":\"https:\\\/\\\/authleticwear.com\\\/sk\\\/?s={search_term_string}\"},\"query-input\":{\"@type\":\"PropertyValueSpecification\",\"valueRequired\":true,\"valueName\":\"search_term_string\"}}],\"inLanguage\":\"sk-SK\"},{\"@type\":\"Organization\",\"@id\":\"https:\\\/\\\/authleticwear.com\\\/sk\\\/#organization\",\"name\":\"Authletic SK\",\"url\":\"https:\\\/\\\/authleticwear.com\\\/sk\\\/\",\"logo\":{\"@type\":\"ImageObject\",\"inLanguage\":\"sk-SK\",\"@id\":\"https:\\\/\\\/authleticwear.com\\\/sk\\\/#\\\/schema\\\/logo\\\/image\\\/\",\"url\":\"https:\\\/\\\/authleticwear.com\\\/sk\\\/wp-content\\\/uploads\\\/sites\\\/4\\\/2023\\\/11\\\/logo-web-authletic.svg\",\"contentUrl\":\"https:\\\/\\\/authleticwear.com\\\/sk\\\/wp-content\\\/uploads\\\/sites\\\/4\\\/2023\\\/11\\\/logo-web-authletic.svg\",\"caption\":\"Authletic SK\"},\"image\":{\"@id\":\"https:\\\/\\\/authleticwear.com\\\/sk\\\/#\\\/schema\\\/logo\\\/image\\\/\"},\"sameAs\":[\"https:\\\/\\\/facebook.com\\\/authletic\\\/\",\"https:\\\/\\\/instagram.com\\\/authleticwear\\\/\",\"https:\\\/\\\/tiktok.com\\\/@authletic\"]}]}<\/script>\n<!-- \/ Yoast SEO plugin. -->","yoast_head_json":{"title":"Bunda Flora \u2013 \u010cierna - Authletic SK","robots":{"index":"index","follow":"follow","max-snippet":"max-snippet:-1","max-image-preview":"max-image-preview:large","max-video-preview":"max-video-preview:-1"},"canonical":"https:\/\/authleticwear.com\/sk\/product\/flora-jacket-black\/","og_locale":"sk_SK","og_type":"article","og_title":"Bunda Flora \u2013 \u010cierna - Authletic SK","og_description":"Zozn\u00e1mte sa s na\u0161ou bundou Flora \u2013 ide\u00e1lnou bundou pre v\u0161etky va\u0161e aktivity, \u010di u\u017e ste akt\u00edvni, alebo si len u\u017e\u00edvate pohodlie domova. Jej \u00fazky strih zv\u00fdrazn\u00ed va\u0161e krivky a umo\u017en\u00ed v\u00e1m \u013eahko sa pohybova\u0165. Skvel\u00e1 do posil\u0148ovne, na beh alebo na prech\u00e1dzky vonku. T\u00e1to bunda zapadne priamo do v\u00e1\u0161ho \u017eivota, tak\u017ee ju mus\u00edte ma\u0165 vo svojom \u0161atn\u00edku.  Materi\u00e1l: - 80% Nylon - 20% Elastan","og_url":"https:\/\/authleticwear.com\/sk\/product\/flora-jacket-black\/","og_site_name":"Authletic SK","article_publisher":"https:\/\/facebook.com\/authletic\/","article_modified_time":"2026-04-22T08:26:35+00:00","og_image":[{"width":1400,"height":2000,"url":"https:\/\/authleticwear.com\/sk\/wp-content\/uploads\/sites\/4\/2024\/07\/SK-flora-jacket-black.jpg","type":"image\/jpeg"}],"twitter_card":"summary_large_image","twitter_misc":{"Predpokladan\u00fd \u010das \u010d\u00edtania":"1 min\u00fata"},"schema":{"@context":"https:\/\/schema.org","@graph":[{"@type":"WebPage","@id":"https:\/\/authleticwear.com\/sk\/product\/flora-jacket-black\/","url":"https:\/\/authleticwear.com\/sk\/product\/flora-jacket-black\/","name":"Bunda Flora \u2013 \u010cierna - Authletic SK","isPartOf":{"@id":"https:\/\/authleticwear.com\/sk\/#website"},"primaryImageOfPage":{"@id":"https:\/\/authleticwear.com\/sk\/product\/flora-jacket-black\/#primaryimage"},"image":{"@id":"https:\/\/authleticwear.com\/sk\/product\/flora-jacket-black\/#primaryimage"},"thumbnailUrl":"https:\/\/authleticwear.com\/sk\/wp-content\/uploads\/sites\/4\/2024\/07\/SK-flora-jacket-black.jpg","datePublished":"2023-11-13T16:16:26+00:00","dateModified":"2026-04-22T08:26:35+00:00","breadcrumb":{"@id":"https:\/\/authleticwear.com\/sk\/product\/flora-jacket-black\/#breadcrumb"},"inLanguage":"sk-SK","potentialAction":[{"@type":"ReadAction","target":["https:\/\/authleticwear.com\/sk\/product\/flora-jacket-black\/"]}]},{"@type":"ImageObject","inLanguage":"sk-SK","@id":"https:\/\/authleticwear.com\/sk\/product\/flora-jacket-black\/#primaryimage","url":"https:\/\/authleticwear.com\/sk\/wp-content\/uploads\/sites\/4\/2024\/07\/SK-flora-jacket-black.jpg","contentUrl":"https:\/\/authleticwear.com\/sk\/wp-content\/uploads\/sites\/4\/2024\/07\/SK-flora-jacket-black.jpg","width":1400,"height":2000},{"@type":"BreadcrumbList","@id":"https:\/\/authleticwear.com\/sk\/product\/flora-jacket-black\/#breadcrumb","itemListElement":[{"@type":"ListItem","position":1,"name":"Home","item":"https:\/\/authleticwear.com\/sk\/"},{"@type":"ListItem","position":2,"name":"Shop","item":"https:\/\/authleticwear.com\/sk\/shop\/"},{"@type":"ListItem","position":3,"name":"Bunda Flora \u2013 \u010cierna"}]},{"@type":"WebSite","@id":"https:\/\/authleticwear.com\/sk\/#website","url":"https:\/\/authleticwear.com\/sk\/","name":"Authletic SK","description":"I am Authentic. I am Athletic. I am Authletic.","publisher":{"@id":"https:\/\/authleticwear.com\/sk\/#organization"},"potentialAction":[{"@type":"SearchAction","target":{"@type":"EntryPoint","urlTemplate":"https:\/\/authleticwear.com\/sk\/?s={search_term_string}"},"query-input":{"@type":"PropertyValueSpecification","valueRequired":true,"valueName":"search_term_string"}}],"inLanguage":"sk-SK"},{"@type":"Organization","@id":"https:\/\/authleticwear.com\/sk\/#organization","name":"Authletic SK","url":"https:\/\/authleticwear.com\/sk\/","logo":{"@type":"ImageObject","inLanguage":"sk-SK","@id":"https:\/\/authleticwear.com\/sk\/#\/schema\/logo\/image\/","url":"https:\/\/authleticwear.com\/sk\/wp-content\/uploads\/sites\/4\/2023\/11\/logo-web-authletic.svg","contentUrl":"https:\/\/authleticwear.com\/sk\/wp-content\/uploads\/sites\/4\/2023\/11\/logo-web-authletic.svg","caption":"Authletic SK"},"image":{"@id":"https:\/\/authleticwear.com\/sk\/#\/schema\/logo\/image\/"},"sameAs":["https:\/\/facebook.com\/authletic\/","https:\/\/instagram.com\/authleticwear\/","https:\/\/tiktok.com\/@authletic"]}]}},"_links":{"self":[{"href":"https:\/\/authleticwear.com\/sk\/wp-json\/wp\/v2\/product\/323","targetHints":{"allow":["GET"]}}],"collection":[{"href":"https:\/\/authleticwear.com\/sk\/wp-json\/wp\/v2\/product"}],"about":[{"href":"https:\/\/authleticwear.com\/sk\/wp-json\/wp\/v2\/types\/product"}],"replies":[{"embeddable":true,"href":"https:\/\/authleticwear.com\/sk\/wp-json\/wp\/v2\/comments?post=323"}],"wp:featuredmedia":[{"embeddable":true,"href":"https:\/\/authleticwear.com\/sk\/wp-json\/wp\/v2\/media\/1783"}],"wp:attachment":[{"href":"https:\/\/authleticwear.com\/sk\/wp-json\/wp\/v2\/media?parent=323"}],"wp:term":[{"taxonomy":"product_brand","embeddable":true,"href":"https:\/\/authleticwear.com\/sk\/wp-json\/wp\/v2\/product_brand?post=323"},{"taxonomy":"product_cat","embeddable":true,"href":"https:\/\/authleticwear.com\/sk\/wp-json\/wp\/v2\/product_cat?post=323"},{"taxonomy":"product_tag","embeddable":true,"href":"https:\/\/authleticwear.com\/sk\/wp-json\/wp\/v2\/product_tag?post=323"}],"curies":[{"name":"wp","href":"https:\/\/api.w.org\/{rel}","templated":true}]}}

Bunda Flora – Čierna

<p>Zoznámte sa s našou bundou Flora – ideálnou bundou pre všetky vaše aktivity, či už ste aktívni, alebo si len užívate pohodlie domova. Jej úzky strih zvýrazní vaše krivky a umožní vám ľahko sa pohybovať. Skvelá do posilňovne, na beh alebo na prechádzky vonku. Táto bunda zapadne priamo do vášho života, takže ju musíte mať vo svojom šatníku.</p>
<p><strong>Materiál:</strong><br />
&#8211; 80% Nylon<br />
&#8211; 20% Elastan</p>

<!-- This site is optimized with the Yoast SEO plugin v27.4 - https://yoast.com/product/yoast-seo-wordpress/ -->
<title>Bunda Flora – Čierna - Authletic SK</title>
<meta name="robots" content="index, follow, max-snippet:-1, max-image-preview:large, max-video-preview:-1" />
<link rel="canonical" href="https://authleticwear.com/sk/product/flora-jacket-black/" />
<meta property="og:locale" content="sk_SK" />
<meta property="og:type" content="article" />
<meta property="og:title" content="Bunda Flora – Čierna - Authletic SK" />
<meta property="og:description" content="Zoznámte sa s našou bundou Flora – ideálnou bundou pre všetky vaše aktivity, či už ste aktívni, alebo si len užívate pohodlie domova. Jej úzky strih zvýrazní vaše krivky a umožní vám ľahko sa pohybovať. Skvelá do posilňovne, na beh alebo na prechádzky vonku. Táto bunda zapadne priamo do vášho života, takže ju musíte mať vo svojom šatníku.  Materiál: - 80% Nylon - 20% Elastan" />
<meta property="og:url" content="https://authleticwear.com/sk/product/flora-jacket-black/" />
<meta property="og:site_name" content="Authletic SK" />
<meta property="article:publisher" content="https://facebook.com/authletic/" />
<meta property="article:modified_time" content="2026-04-22T08:26:35+00:00" />
<meta property="og:image" content="https://authleticwear.com/sk/wp-content/uploads/sites/4/2024/07/SK-flora-jacket-black.jpg" />
	<meta property="og:image:width" content="1400" />
	<meta property="og:image:height" content="2000" />
	<meta property="og:image:type" content="image/jpeg" />
<meta name="twitter:card" content="summary_large_image" />
<meta name="twitter:label1" content="Predpokladaný čas čítania" />
	<meta name="twitter:data1" content="1 minúta" />
<script type="application/ld+json" class="yoast-schema-graph">{"@context":"https:\/\/schema.org","@graph":[{"@type":"WebPage","@id":"https:\/\/authleticwear.com\/sk\/product\/flora-jacket-black\/","url":"https:\/\/authleticwear.com\/sk\/product\/flora-jacket-black\/","name":"Bunda Flora – Čierna - Authletic SK","isPartOf":{"@id":"https:\/\/authleticwear.com\/sk\/#website"},"primaryImageOfPage":{"@id":"https:\/\/authleticwear.com\/sk\/product\/flora-jacket-black\/#primaryimage"},"image":{"@id":"https:\/\/authleticwear.com\/sk\/product\/flora-jacket-black\/#primaryimage"},"thumbnailUrl":"https:\/\/authleticwear.com\/sk\/wp-content\/uploads\/sites\/4\/2024\/07\/SK-flora-jacket-black.jpg","datePublished":"2023-11-13T16:16:26+00:00","dateModified":"2026-04-22T08:26:35+00:00","breadcrumb":{"@id":"https:\/\/authleticwear.com\/sk\/product\/flora-jacket-black\/#breadcrumb"},"inLanguage":"sk-SK","potentialAction":[{"@type":"ReadAction","target":["https:\/\/authleticwear.com\/sk\/product\/flora-jacket-black\/"]}]},{"@type":"ImageObject","inLanguage":"sk-SK","@id":"https:\/\/authleticwear.com\/sk\/product\/flora-jacket-black\/#primaryimage","url":"https:\/\/authleticwear.com\/sk\/wp-content\/uploads\/sites\/4\/2024\/07\/SK-flora-jacket-black.jpg","contentUrl":"https:\/\/authleticwear.com\/sk\/wp-content\/uploads\/sites\/4\/2024\/07\/SK-flora-jacket-black.jpg","width":1400,"height":2000},{"@type":"BreadcrumbList","@id":"https:\/\/authleticwear.com\/sk\/product\/flora-jacket-black\/#breadcrumb","itemListElement":[{"@type":"ListItem","position":1,"name":"Home","item":"https:\/\/authleticwear.com\/sk\/"},{"@type":"ListItem","position":2,"name":"Shop","item":"https:\/\/authleticwear.com\/sk\/shop\/"},{"@type":"ListItem","position":3,"name":"Bunda Flora – Čierna"}]},{"@type":"WebSite","@id":"https:\/\/authleticwear.com\/sk\/#website","url":"https:\/\/authleticwear.com\/sk\/","name":"Authletic SK","description":"I am Authentic. I am Athletic. I am Authletic.","publisher":{"@id":"https:\/\/authleticwear.com\/sk\/#organization"},"potentialAction":[{"@type":"SearchAction","target":{"@type":"EntryPoint","urlTemplate":"https:\/\/authleticwear.com\/sk\/?s={search_term_string}"},"query-input":{"@type":"PropertyValueSpecification","valueRequired":true,"valueName":"search_term_string"}}],"inLanguage":"sk-SK"},{"@type":"Organization","@id":"https:\/\/authleticwear.com\/sk\/#organization","name":"Authletic SK","url":"https:\/\/authleticwear.com\/sk\/","logo":{"@type":"ImageObject","inLanguage":"sk-SK","@id":"https:\/\/authleticwear.com\/sk\/#\/schema\/logo\/image\/","url":"https:\/\/authleticwear.com\/sk\/wp-content\/uploads\/sites\/4\/2023\/11\/logo-web-authletic.svg","contentUrl":"https:\/\/authleticwear.com\/sk\/wp-content\/uploads\/sites\/4\/2023\/11\/logo-web-authletic.svg","caption":"Authletic SK"},"image":{"@id":"https:\/\/authleticwear.com\/sk\/#\/schema\/logo\/image\/"},"sameAs":["https:\/\/facebook.com\/authletic\/","https:\/\/instagram.com\/authleticwear\/","https:\/\/tiktok.com\/@authletic"]}]}</script>
<!-- / Yoast SEO plugin. -->

Bunda Flora – Čierna - Authletic SK

Zoznámte sa s našou bundou Flora – ideálnou bundou pre všetky vaše aktivity, či už ste aktívni, alebo si len užívate pohodlie domova. Jej úzky strih zvýrazní vaše krivky a umožní vám ľahko sa pohybovať. Skvelá do posilňovne, na beh alebo na prechádzky vonku. Táto bunda zapadne priamo do vášho života, takže ju musíte mať vo svojom šatníku.  Materiál: - 80% Nylon - 20% Elastan

1 minúta
