{"id":1188,"date":"2024-07-25T10:59:17","date_gmt":"2024-07-25T10:59:17","guid":{"rendered":"https:\/\/authleticwear.com\/pl\/?post_type=product&#038;p=1188"},"modified":"2026-04-24T08:59:15","modified_gmt":"2026-04-24T08:59:15","slug":"aluna-krotkie-legginsy-czarny","status":"publish","type":"product","link":"https:\/\/authleticwear.com\/pl\/product\/aluna-krotkie-legginsy-czarny\/","title":{"rendered":"Aluna Kr\u00f3tkie Legginsy &#8211; Czarny"},"content":{"rendered":"","protected":false},"excerpt":{"rendered":"<p>Wypr\u00f3buj nasze kr\u00f3tkie legginsy Aluna. Te legginsy posiadaj\u0105 delikatny szew w kszta\u0142cie litery V, kt\u00f3ry subtelnie podkre\u015bla po\u015bladki. Materia\u0142 jest odpowiedni do wszystkich rodzaj\u00f3w aktywno\u015bci. Elastyczny materia\u0142 otula cia\u0142o i tali\u0119, zapewniaj\u0105c podtrzymanie i wygod\u0119. Dopracowane wyko\u0144czenia obejmuj\u0105 nieobrobione elastanem szwy na udach i atrakcyjny wz\u00f3r logo 3D w tym samym kolorze co materia\u0142, co zapewnia subtelny i elegancki wygl\u0105d.<\/p>\n<p><strong>Materia\u0142:<\/strong><br \/>\n\u2013 77% Poliester<br \/>\n\u2013 23% Elastan<\/p>\n","protected":false},"featured_media":1796,"comment_status":"open","ping_status":"closed","template":"","meta":{"_acf_changed":false,"bwfblock_default_font":"","inline_featured_image":false},"product_brand":[],"product_cat":[58,18],"product_tag":[25,62],"class_list":{"0":"post-1188","1":"product","2":"type-product","3":"status-publish","4":"has-post-thumbnail","6":"product_cat-aluna","7":"product_cat-leggings","8":"product_tag-new","9":"product_tag-szybkoschnacy","11":"first","12":"instock","13":"sale","14":"shipping-taxable","15":"purchasable","16":"product-type-variable","17":"has-default-attributes","18":"wvs-archive-product-wrapper"},"acf":[],"yoast_head":"<!-- This site is optimized with the Yoast SEO plugin v27.4 - https:\/\/yoast.com\/product\/yoast-seo-wordpress\/ -->\n<title>Aluna Kr\u00f3tkie Legginsy - Czarny - Authletic PL<\/title>\n<meta name=\"robots\" content=\"index, follow, max-snippet:-1, max-image-preview:large, max-video-preview:-1\" \/>\n<link rel=\"canonical\" href=\"https:\/\/authleticwear.com\/pl\/product\/aluna-krotkie-legginsy-czarny\/\" \/>\n<meta property=\"og:locale\" content=\"pl_PL\" \/>\n<meta property=\"og:type\" content=\"article\" \/>\n<meta property=\"og:title\" content=\"Aluna Kr\u00f3tkie Legginsy - Czarny - Authletic PL\" \/>\n<meta property=\"og:description\" content=\"Wypr\u00f3buj nasze kr\u00f3tkie legginsy Aluna. Te legginsy posiadaj\u0105 delikatny szew w kszta\u0142cie litery V, kt\u00f3ry subtelnie podkre\u015bla po\u015bladki. Materia\u0142 jest odpowiedni do wszystkich rodzaj\u00f3w aktywno\u015bci. Elastyczny materia\u0142 otula cia\u0142o i tali\u0119, zapewniaj\u0105c podtrzymanie i wygod\u0119. Dopracowane wyko\u0144czenia obejmuj\u0105 nieobrobione elastanem szwy na udach i atrakcyjny wz\u00f3r logo 3D w tym samym kolorze co materia\u0142, co zapewnia subtelny i elegancki wygl\u0105d.  Materia\u0142: \u2013 77% Poliester \u2013 23% Elastan\" \/>\n<meta property=\"og:url\" content=\"https:\/\/authleticwear.com\/pl\/product\/aluna-krotkie-legginsy-czarny\/\" \/>\n<meta property=\"og:site_name\" content=\"Authletic PL\" \/>\n<meta property=\"article:publisher\" content=\"https:\/\/facebook.com\/authletic\/\" \/>\n<meta property=\"article:modified_time\" content=\"2026-04-24T08:59:15+00:00\" \/>\n<meta property=\"og:image\" content=\"https:\/\/authleticwear.com\/pl\/wp-content\/uploads\/sites\/5\/2025\/07\/PL-aluna-short-black--scaled.jpg\" \/>\n\t<meta property=\"og:image:width\" content=\"1792\" \/>\n\t<meta property=\"og:image:height\" content=\"2560\" \/>\n\t<meta property=\"og:image:type\" content=\"image\/jpeg\" \/>\n<meta name=\"twitter:card\" content=\"summary_large_image\" \/>\n<script type=\"application\/ld+json\" class=\"yoast-schema-graph\">{\"@context\":\"https:\\\/\\\/schema.org\",\"@graph\":[{\"@type\":\"WebPage\",\"@id\":\"https:\\\/\\\/authleticwear.com\\\/pl\\\/product\\\/aluna-krotkie-legginsy-czarny\\\/\",\"url\":\"https:\\\/\\\/authleticwear.com\\\/pl\\\/product\\\/aluna-krotkie-legginsy-czarny\\\/\",\"name\":\"Aluna Kr\u00f3tkie Legginsy - Czarny - Authletic PL\",\"isPartOf\":{\"@id\":\"https:\\\/\\\/authleticwear.com\\\/pl\\\/#website\"},\"primaryImageOfPage\":{\"@id\":\"https:\\\/\\\/authleticwear.com\\\/pl\\\/product\\\/aluna-krotkie-legginsy-czarny\\\/#primaryimage\"},\"image\":{\"@id\":\"https:\\\/\\\/authleticwear.com\\\/pl\\\/product\\\/aluna-krotkie-legginsy-czarny\\\/#primaryimage\"},\"thumbnailUrl\":\"https:\\\/\\\/authleticwear.com\\\/pl\\\/wp-content\\\/uploads\\\/sites\\\/5\\\/2025\\\/07\\\/PL-aluna-short-black--scaled.jpg\",\"datePublished\":\"2024-07-25T10:59:17+00:00\",\"dateModified\":\"2026-04-24T08:59:15+00:00\",\"breadcrumb\":{\"@id\":\"https:\\\/\\\/authleticwear.com\\\/pl\\\/product\\\/aluna-krotkie-legginsy-czarny\\\/#breadcrumb\"},\"inLanguage\":\"pl-PL\",\"potentialAction\":[{\"@type\":\"ReadAction\",\"target\":[\"https:\\\/\\\/authleticwear.com\\\/pl\\\/product\\\/aluna-krotkie-legginsy-czarny\\\/\"]}]},{\"@type\":\"ImageObject\",\"inLanguage\":\"pl-PL\",\"@id\":\"https:\\\/\\\/authleticwear.com\\\/pl\\\/product\\\/aluna-krotkie-legginsy-czarny\\\/#primaryimage\",\"url\":\"https:\\\/\\\/authleticwear.com\\\/pl\\\/wp-content\\\/uploads\\\/sites\\\/5\\\/2025\\\/07\\\/PL-aluna-short-black--scaled.jpg\",\"contentUrl\":\"https:\\\/\\\/authleticwear.com\\\/pl\\\/wp-content\\\/uploads\\\/sites\\\/5\\\/2025\\\/07\\\/PL-aluna-short-black--scaled.jpg\",\"width\":1792,\"height\":2560},{\"@type\":\"BreadcrumbList\",\"@id\":\"https:\\\/\\\/authleticwear.com\\\/pl\\\/product\\\/aluna-krotkie-legginsy-czarny\\\/#breadcrumb\",\"itemListElement\":[{\"@type\":\"ListItem\",\"position\":1,\"name\":\"Home\",\"item\":\"https:\\\/\\\/authleticwear.com\\\/pl\\\/\"},{\"@type\":\"ListItem\",\"position\":2,\"name\":\"Shop\",\"item\":\"https:\\\/\\\/authleticwear.com\\\/pl\\\/shop\\\/\"},{\"@type\":\"ListItem\",\"position\":3,\"name\":\"Aluna Kr\u00f3tkie Legginsy &#8211; Czarny\"}]},{\"@type\":\"WebSite\",\"@id\":\"https:\\\/\\\/authleticwear.com\\\/pl\\\/#website\",\"url\":\"https:\\\/\\\/authleticwear.com\\\/pl\\\/\",\"name\":\"Authletic PL\",\"description\":\"I am Authentic. I am Athletic. I am Authletic.\",\"publisher\":{\"@id\":\"https:\\\/\\\/authleticwear.com\\\/pl\\\/#organization\"},\"potentialAction\":[{\"@type\":\"SearchAction\",\"target\":{\"@type\":\"EntryPoint\",\"urlTemplate\":\"https:\\\/\\\/authleticwear.com\\\/pl\\\/?s={search_term_string}\"},\"query-input\":{\"@type\":\"PropertyValueSpecification\",\"valueRequired\":true,\"valueName\":\"search_term_string\"}}],\"inLanguage\":\"pl-PL\"},{\"@type\":\"Organization\",\"@id\":\"https:\\\/\\\/authleticwear.com\\\/pl\\\/#organization\",\"name\":\"Authletic PL\",\"url\":\"https:\\\/\\\/authleticwear.com\\\/pl\\\/\",\"logo\":{\"@type\":\"ImageObject\",\"inLanguage\":\"pl-PL\",\"@id\":\"https:\\\/\\\/authleticwear.com\\\/pl\\\/#\\\/schema\\\/logo\\\/image\\\/\",\"url\":\"https:\\\/\\\/authleticwear.com\\\/pl\\\/wp-content\\\/uploads\\\/sites\\\/5\\\/2023\\\/11\\\/logo-web-authletic.svg\",\"contentUrl\":\"https:\\\/\\\/authleticwear.com\\\/pl\\\/wp-content\\\/uploads\\\/sites\\\/5\\\/2023\\\/11\\\/logo-web-authletic.svg\",\"caption\":\"Authletic PL\"},\"image\":{\"@id\":\"https:\\\/\\\/authleticwear.com\\\/pl\\\/#\\\/schema\\\/logo\\\/image\\\/\"},\"sameAs\":[\"https:\\\/\\\/facebook.com\\\/authletic\\\/\",\"https:\\\/\\\/instagram.com\\\/authleticwear\\\/\",\"https:\\\/\\\/tiktok.com\\\/@authletic\"]}]}<\/script>\n<!-- \/ Yoast SEO plugin. -->","yoast_head_json":{"title":"Aluna Kr\u00f3tkie Legginsy - Czarny - Authletic PL","robots":{"index":"index","follow":"follow","max-snippet":"max-snippet:-1","max-image-preview":"max-image-preview:large","max-video-preview":"max-video-preview:-1"},"canonical":"https:\/\/authleticwear.com\/pl\/product\/aluna-krotkie-legginsy-czarny\/","og_locale":"pl_PL","og_type":"article","og_title":"Aluna Kr\u00f3tkie Legginsy - Czarny - Authletic PL","og_description":"Wypr\u00f3buj nasze kr\u00f3tkie legginsy Aluna. Te legginsy posiadaj\u0105 delikatny szew w kszta\u0142cie litery V, kt\u00f3ry subtelnie podkre\u015bla po\u015bladki. Materia\u0142 jest odpowiedni do wszystkich rodzaj\u00f3w aktywno\u015bci. Elastyczny materia\u0142 otula cia\u0142o i tali\u0119, zapewniaj\u0105c podtrzymanie i wygod\u0119. Dopracowane wyko\u0144czenia obejmuj\u0105 nieobrobione elastanem szwy na udach i atrakcyjny wz\u00f3r logo 3D w tym samym kolorze co materia\u0142, co zapewnia subtelny i elegancki wygl\u0105d.  Materia\u0142: \u2013 77% Poliester \u2013 23% Elastan","og_url":"https:\/\/authleticwear.com\/pl\/product\/aluna-krotkie-legginsy-czarny\/","og_site_name":"Authletic PL","article_publisher":"https:\/\/facebook.com\/authletic\/","article_modified_time":"2026-04-24T08:59:15+00:00","og_image":[{"width":1792,"height":2560,"url":"https:\/\/authleticwear.com\/pl\/wp-content\/uploads\/sites\/5\/2025\/07\/PL-aluna-short-black--scaled.jpg","type":"image\/jpeg"}],"twitter_card":"summary_large_image","schema":{"@context":"https:\/\/schema.org","@graph":[{"@type":"WebPage","@id":"https:\/\/authleticwear.com\/pl\/product\/aluna-krotkie-legginsy-czarny\/","url":"https:\/\/authleticwear.com\/pl\/product\/aluna-krotkie-legginsy-czarny\/","name":"Aluna Kr\u00f3tkie Legginsy - Czarny - Authletic PL","isPartOf":{"@id":"https:\/\/authleticwear.com\/pl\/#website"},"primaryImageOfPage":{"@id":"https:\/\/authleticwear.com\/pl\/product\/aluna-krotkie-legginsy-czarny\/#primaryimage"},"image":{"@id":"https:\/\/authleticwear.com\/pl\/product\/aluna-krotkie-legginsy-czarny\/#primaryimage"},"thumbnailUrl":"https:\/\/authleticwear.com\/pl\/wp-content\/uploads\/sites\/5\/2025\/07\/PL-aluna-short-black--scaled.jpg","datePublished":"2024-07-25T10:59:17+00:00","dateModified":"2026-04-24T08:59:15+00:00","breadcrumb":{"@id":"https:\/\/authleticwear.com\/pl\/product\/aluna-krotkie-legginsy-czarny\/#breadcrumb"},"inLanguage":"pl-PL","potentialAction":[{"@type":"ReadAction","target":["https:\/\/authleticwear.com\/pl\/product\/aluna-krotkie-legginsy-czarny\/"]}]},{"@type":"ImageObject","inLanguage":"pl-PL","@id":"https:\/\/authleticwear.com\/pl\/product\/aluna-krotkie-legginsy-czarny\/#primaryimage","url":"https:\/\/authleticwear.com\/pl\/wp-content\/uploads\/sites\/5\/2025\/07\/PL-aluna-short-black--scaled.jpg","contentUrl":"https:\/\/authleticwear.com\/pl\/wp-content\/uploads\/sites\/5\/2025\/07\/PL-aluna-short-black--scaled.jpg","width":1792,"height":2560},{"@type":"BreadcrumbList","@id":"https:\/\/authleticwear.com\/pl\/product\/aluna-krotkie-legginsy-czarny\/#breadcrumb","itemListElement":[{"@type":"ListItem","position":1,"name":"Home","item":"https:\/\/authleticwear.com\/pl\/"},{"@type":"ListItem","position":2,"name":"Shop","item":"https:\/\/authleticwear.com\/pl\/shop\/"},{"@type":"ListItem","position":3,"name":"Aluna Kr\u00f3tkie Legginsy &#8211; Czarny"}]},{"@type":"WebSite","@id":"https:\/\/authleticwear.com\/pl\/#website","url":"https:\/\/authleticwear.com\/pl\/","name":"Authletic PL","description":"I am Authentic. I am Athletic. I am Authletic.","publisher":{"@id":"https:\/\/authleticwear.com\/pl\/#organization"},"potentialAction":[{"@type":"SearchAction","target":{"@type":"EntryPoint","urlTemplate":"https:\/\/authleticwear.com\/pl\/?s={search_term_string}"},"query-input":{"@type":"PropertyValueSpecification","valueRequired":true,"valueName":"search_term_string"}}],"inLanguage":"pl-PL"},{"@type":"Organization","@id":"https:\/\/authleticwear.com\/pl\/#organization","name":"Authletic PL","url":"https:\/\/authleticwear.com\/pl\/","logo":{"@type":"ImageObject","inLanguage":"pl-PL","@id":"https:\/\/authleticwear.com\/pl\/#\/schema\/logo\/image\/","url":"https:\/\/authleticwear.com\/pl\/wp-content\/uploads\/sites\/5\/2023\/11\/logo-web-authletic.svg","contentUrl":"https:\/\/authleticwear.com\/pl\/wp-content\/uploads\/sites\/5\/2023\/11\/logo-web-authletic.svg","caption":"Authletic PL"},"image":{"@id":"https:\/\/authleticwear.com\/pl\/#\/schema\/logo\/image\/"},"sameAs":["https:\/\/facebook.com\/authletic\/","https:\/\/instagram.com\/authleticwear\/","https:\/\/tiktok.com\/@authletic"]}]}},"_links":{"self":[{"href":"https:\/\/authleticwear.com\/pl\/wp-json\/wp\/v2\/product\/1188","targetHints":{"allow":["GET"]}}],"collection":[{"href":"https:\/\/authleticwear.com\/pl\/wp-json\/wp\/v2\/product"}],"about":[{"href":"https:\/\/authleticwear.com\/pl\/wp-json\/wp\/v2\/types\/product"}],"replies":[{"embeddable":true,"href":"https:\/\/authleticwear.com\/pl\/wp-json\/wp\/v2\/comments?post=1188"}],"wp:featuredmedia":[{"embeddable":true,"href":"https:\/\/authleticwear.com\/pl\/wp-json\/wp\/v2\/media\/1796"}],"wp:attachment":[{"href":"https:\/\/authleticwear.com\/pl\/wp-json\/wp\/v2\/media?parent=1188"}],"wp:term":[{"taxonomy":"product_brand","embeddable":true,"href":"https:\/\/authleticwear.com\/pl\/wp-json\/wp\/v2\/product_brand?post=1188"},{"taxonomy":"product_cat","embeddable":true,"href":"https:\/\/authleticwear.com\/pl\/wp-json\/wp\/v2\/product_cat?post=1188"},{"taxonomy":"product_tag","embeddable":true,"href":"https:\/\/authleticwear.com\/pl\/wp-json\/wp\/v2\/product_tag?post=1188"}],"curies":[{"name":"wp","href":"https:\/\/api.w.org\/{rel}","templated":true}]}}

Aluna Krótkie Legginsy &#8211; Czarny

<p>Wypróbuj nasze krótkie legginsy Aluna. Te legginsy posiadają delikatny szew w kształcie litery V, który subtelnie podkreśla pośladki. Materiał jest odpowiedni do wszystkich rodzajów aktywności. Elastyczny materiał otula ciało i talię, zapewniając podtrzymanie i wygodę. Dopracowane wykończenia obejmują nieobrobione elastanem szwy na udach i atrakcyjny wzór logo 3D w tym samym kolorze co materiał, co zapewnia subtelny i elegancki wygląd.</p>
<p><strong>Materiał:</strong><br />
– 77% Poliester<br />
– 23% Elastan</p>

<!-- This site is optimized with the Yoast SEO plugin v27.4 - https://yoast.com/product/yoast-seo-wordpress/ -->
<title>Aluna Krótkie Legginsy - Czarny - Authletic PL</title>
<meta name="robots" content="index, follow, max-snippet:-1, max-image-preview:large, max-video-preview:-1" />
<link rel="canonical" href="https://authleticwear.com/pl/product/aluna-krotkie-legginsy-czarny/" />
<meta property="og:locale" content="pl_PL" />
<meta property="og:type" content="article" />
<meta property="og:title" content="Aluna Krótkie Legginsy - Czarny - Authletic PL" />
<meta property="og:description" content="Wypróbuj nasze krótkie legginsy Aluna. Te legginsy posiadają delikatny szew w kształcie litery V, który subtelnie podkreśla pośladki. Materiał jest odpowiedni do wszystkich rodzajów aktywności. Elastyczny materiał otula ciało i talię, zapewniając podtrzymanie i wygodę. Dopracowane wykończenia obejmują nieobrobione elastanem szwy na udach i atrakcyjny wzór logo 3D w tym samym kolorze co materiał, co zapewnia subtelny i elegancki wygląd.  Materiał: – 77% Poliester – 23% Elastan" />
<meta property="og:url" content="https://authleticwear.com/pl/product/aluna-krotkie-legginsy-czarny/" />
<meta property="og:site_name" content="Authletic PL" />
<meta property="article:publisher" content="https://facebook.com/authletic/" />
<meta property="article:modified_time" content="2026-04-24T08:59:15+00:00" />
<meta property="og:image" content="https://authleticwear.com/pl/wp-content/uploads/sites/5/2025/07/PL-aluna-short-black--scaled.jpg" />
	<meta property="og:image:width" content="1792" />
	<meta property="og:image:height" content="2560" />
	<meta property="og:image:type" content="image/jpeg" />
<meta name="twitter:card" content="summary_large_image" />
<script type="application/ld+json" class="yoast-schema-graph">{"@context":"https:\/\/schema.org","@graph":[{"@type":"WebPage","@id":"https:\/\/authleticwear.com\/pl\/product\/aluna-krotkie-legginsy-czarny\/","url":"https:\/\/authleticwear.com\/pl\/product\/aluna-krotkie-legginsy-czarny\/","name":"Aluna Krótkie Legginsy - Czarny - Authletic PL","isPartOf":{"@id":"https:\/\/authleticwear.com\/pl\/#website"},"primaryImageOfPage":{"@id":"https:\/\/authleticwear.com\/pl\/product\/aluna-krotkie-legginsy-czarny\/#primaryimage"},"image":{"@id":"https:\/\/authleticwear.com\/pl\/product\/aluna-krotkie-legginsy-czarny\/#primaryimage"},"thumbnailUrl":"https:\/\/authleticwear.com\/pl\/wp-content\/uploads\/sites\/5\/2025\/07\/PL-aluna-short-black--scaled.jpg","datePublished":"2024-07-25T10:59:17+00:00","dateModified":"2026-04-24T08:59:15+00:00","breadcrumb":{"@id":"https:\/\/authleticwear.com\/pl\/product\/aluna-krotkie-legginsy-czarny\/#breadcrumb"},"inLanguage":"pl-PL","potentialAction":[{"@type":"ReadAction","target":["https:\/\/authleticwear.com\/pl\/product\/aluna-krotkie-legginsy-czarny\/"]}]},{"@type":"ImageObject","inLanguage":"pl-PL","@id":"https:\/\/authleticwear.com\/pl\/product\/aluna-krotkie-legginsy-czarny\/#primaryimage","url":"https:\/\/authleticwear.com\/pl\/wp-content\/uploads\/sites\/5\/2025\/07\/PL-aluna-short-black--scaled.jpg","contentUrl":"https:\/\/authleticwear.com\/pl\/wp-content\/uploads\/sites\/5\/2025\/07\/PL-aluna-short-black--scaled.jpg","width":1792,"height":2560},{"@type":"BreadcrumbList","@id":"https:\/\/authleticwear.com\/pl\/product\/aluna-krotkie-legginsy-czarny\/#breadcrumb","itemListElement":[{"@type":"ListItem","position":1,"name":"Home","item":"https:\/\/authleticwear.com\/pl\/"},{"@type":"ListItem","position":2,"name":"Shop","item":"https:\/\/authleticwear.com\/pl\/shop\/"},{"@type":"ListItem","position":3,"name":"Aluna Krótkie Legginsy &#8211; Czarny"}]},{"@type":"WebSite","@id":"https:\/\/authleticwear.com\/pl\/#website","url":"https:\/\/authleticwear.com\/pl\/","name":"Authletic PL","description":"I am Authentic. I am Athletic. I am Authletic.","publisher":{"@id":"https:\/\/authleticwear.com\/pl\/#organization"},"potentialAction":[{"@type":"SearchAction","target":{"@type":"EntryPoint","urlTemplate":"https:\/\/authleticwear.com\/pl\/?s={search_term_string}"},"query-input":{"@type":"PropertyValueSpecification","valueRequired":true,"valueName":"search_term_string"}}],"inLanguage":"pl-PL"},{"@type":"Organization","@id":"https:\/\/authleticwear.com\/pl\/#organization","name":"Authletic PL","url":"https:\/\/authleticwear.com\/pl\/","logo":{"@type":"ImageObject","inLanguage":"pl-PL","@id":"https:\/\/authleticwear.com\/pl\/#\/schema\/logo\/image\/","url":"https:\/\/authleticwear.com\/pl\/wp-content\/uploads\/sites\/5\/2023\/11\/logo-web-authletic.svg","contentUrl":"https:\/\/authleticwear.com\/pl\/wp-content\/uploads\/sites\/5\/2023\/11\/logo-web-authletic.svg","caption":"Authletic PL"},"image":{"@id":"https:\/\/authleticwear.com\/pl\/#\/schema\/logo\/image\/"},"sameAs":["https:\/\/facebook.com\/authletic\/","https:\/\/instagram.com\/authleticwear\/","https:\/\/tiktok.com\/@authletic"]}]}</script>
<!-- / Yoast SEO plugin. -->

Aluna Krótkie Legginsy - Czarny - Authletic PL

Wypróbuj nasze krótkie legginsy Aluna. Te legginsy posiadają delikatny szew w kształcie litery V, który subtelnie podkreśla pośladki. Materiał jest odpowiedni do wszystkich rodzajów aktywności. Elastyczny materiał otula ciało i talię, zapewniając podtrzymanie i wygodę. Dopracowane wykończenia obejmują nieobrobione elastanem szwy na udach i atrakcyjny wzór logo 3D w tym samym kolorze co materiał, co zapewnia subtelny i elegancki wygląd.  Materiał: – 77% Poliester – 23% Elastan
