{"id":4753,"date":"2026-04-07T14:53:39","date_gmt":"2026-04-07T14:53:39","guid":{"rendered":"https:\/\/authleticwear.com\/hu\/?post_type=product&#038;p=4753"},"modified":"2026-04-25T20:18:42","modified_gmt":"2026-04-25T20:18:42","slug":"naya-sportmelltarto-szurke","status":"publish","type":"product","link":"https:\/\/authleticwear.com\/hu\/product\/naya-sportmelltarto-szurke\/","title":{"rendered":"Naya Sportmelltart\u00f3 \u2013 Sz\u00fcrke"},"content":{"rendered":"","protected":false},"excerpt":{"rendered":"<p>A \u201eNaya Sportmelltart\u00f3\u201d a go to v\u00e1laszt\u00e1sod k\u00f6zepes tart\u00e1shoz \u00e9s egy letisztult, el\u0151ny\u00f6s szab\u00e1shoz. A keresztezett p\u00e1ntok stabilan tartanak, a kompakt anyag pedig mos\u00e1sr\u00f3l mos\u00e1sra sima \u00e9s strapab\u00edr\u00f3 marad. T\u00f6k\u00e9letes a Naya leggingshez egy letisztult szett\u00e9rt.<\/p>\n<p><strong>Anyag:<\/strong><br \/>\n\u2013 78% Poliamid<br \/>\n&#8211; 25% Elaszt\u00e1n<\/p>\n","protected":false},"featured_media":4768,"comment_status":"open","ping_status":"closed","template":"","meta":{"_acf_changed":false,"bwfblock_default_font":"","inline_featured_image":false},"product_brand":[],"product_cat":[30,31,66],"product_tag":[67,25],"class_list":{"0":"post-4753","1":"product","2":"type-product","3":"status-publish","4":"has-post-thumbnail","6":"product_cat-tops","7":"product_cat-casual","8":"product_cat-naya","9":"product_tag-bestseller2","10":"product_tag-new","12":"first","13":"instock","14":"sale","15":"shipping-taxable","16":"purchasable","17":"product-type-variable","18":"has-default-attributes","19":"wvs-archive-product-wrapper"},"acf":[],"yoast_head":"<!-- This site is optimized with the Yoast SEO plugin v27.4 - https:\/\/yoast.com\/product\/yoast-seo-wordpress\/ -->\n<title>Naya Sportmelltart\u00f3 \u2013 Sz\u00fcrke - Authletic HU<\/title>\n<meta name=\"robots\" content=\"index, follow, max-snippet:-1, max-image-preview:large, max-video-preview:-1\" \/>\n<link rel=\"canonical\" href=\"https:\/\/authleticwear.com\/hu\/product\/naya-sportmelltarto-szurke\/\" \/>\n<meta property=\"og:locale\" content=\"hu_HU\" \/>\n<meta property=\"og:type\" content=\"article\" \/>\n<meta property=\"og:title\" content=\"Naya Sportmelltart\u00f3 \u2013 Sz\u00fcrke - Authletic HU\" \/>\n<meta property=\"og:description\" content=\"A \u201eNaya Sportmelltart\u00f3\u201d a go to v\u00e1laszt\u00e1sod k\u00f6zepes tart\u00e1shoz \u00e9s egy letisztult, el\u0151ny\u00f6s szab\u00e1shoz. A keresztezett p\u00e1ntok stabilan tartanak, a kompakt anyag pedig mos\u00e1sr\u00f3l mos\u00e1sra sima \u00e9s strapab\u00edr\u00f3 marad. T\u00f6k\u00e9letes a Naya leggingshez egy letisztult szett\u00e9rt.  Anyag: \u2013 78% Poliamid - 25% Elaszt\u00e1n\" \/>\n<meta property=\"og:url\" content=\"https:\/\/authleticwear.com\/hu\/product\/naya-sportmelltarto-szurke\/\" \/>\n<meta property=\"og:site_name\" content=\"Authletic HU\" \/>\n<meta property=\"article:publisher\" content=\"https:\/\/facebook.com\/authletic\/\" \/>\n<meta property=\"article:modified_time\" content=\"2026-04-25T20:18:42+00:00\" \/>\n<meta property=\"og:image\" content=\"https:\/\/authleticwear.com\/hu\/wp-content\/uploads\/sites\/8\/2026\/04\/naya-grey-top-details-HU.jpg\" \/>\n\t<meta property=\"og:image:width\" content=\"1400\" \/>\n\t<meta property=\"og:image:height\" content=\"2000\" \/>\n\t<meta property=\"og:image:type\" content=\"image\/jpeg\" \/>\n<meta name=\"twitter:card\" content=\"summary_large_image\" \/>\n<script type=\"application\/ld+json\" class=\"yoast-schema-graph\">{\"@context\":\"https:\\\/\\\/schema.org\",\"@graph\":[{\"@type\":\"WebPage\",\"@id\":\"https:\\\/\\\/authleticwear.com\\\/hu\\\/product\\\/naya-sportmelltarto-szurke\\\/\",\"url\":\"https:\\\/\\\/authleticwear.com\\\/hu\\\/product\\\/naya-sportmelltarto-szurke\\\/\",\"name\":\"Naya Sportmelltart\u00f3 \u2013 Sz\u00fcrke - Authletic HU\",\"isPartOf\":{\"@id\":\"https:\\\/\\\/authleticwear.com\\\/hu\\\/#website\"},\"primaryImageOfPage\":{\"@id\":\"https:\\\/\\\/authleticwear.com\\\/hu\\\/product\\\/naya-sportmelltarto-szurke\\\/#primaryimage\"},\"image\":{\"@id\":\"https:\\\/\\\/authleticwear.com\\\/hu\\\/product\\\/naya-sportmelltarto-szurke\\\/#primaryimage\"},\"thumbnailUrl\":\"https:\\\/\\\/authleticwear.com\\\/hu\\\/wp-content\\\/uploads\\\/sites\\\/8\\\/2026\\\/04\\\/naya-grey-top-details-HU.jpg\",\"datePublished\":\"2026-04-07T14:53:39+00:00\",\"dateModified\":\"2026-04-25T20:18:42+00:00\",\"breadcrumb\":{\"@id\":\"https:\\\/\\\/authleticwear.com\\\/hu\\\/product\\\/naya-sportmelltarto-szurke\\\/#breadcrumb\"},\"inLanguage\":\"hu\",\"potentialAction\":[{\"@type\":\"ReadAction\",\"target\":[\"https:\\\/\\\/authleticwear.com\\\/hu\\\/product\\\/naya-sportmelltarto-szurke\\\/\"]}]},{\"@type\":\"ImageObject\",\"inLanguage\":\"hu\",\"@id\":\"https:\\\/\\\/authleticwear.com\\\/hu\\\/product\\\/naya-sportmelltarto-szurke\\\/#primaryimage\",\"url\":\"https:\\\/\\\/authleticwear.com\\\/hu\\\/wp-content\\\/uploads\\\/sites\\\/8\\\/2026\\\/04\\\/naya-grey-top-details-HU.jpg\",\"contentUrl\":\"https:\\\/\\\/authleticwear.com\\\/hu\\\/wp-content\\\/uploads\\\/sites\\\/8\\\/2026\\\/04\\\/naya-grey-top-details-HU.jpg\",\"width\":1400,\"height\":2000},{\"@type\":\"BreadcrumbList\",\"@id\":\"https:\\\/\\\/authleticwear.com\\\/hu\\\/product\\\/naya-sportmelltarto-szurke\\\/#breadcrumb\",\"itemListElement\":[{\"@type\":\"ListItem\",\"position\":1,\"name\":\"Home\",\"item\":\"https:\\\/\\\/authleticwear.com\\\/hu\\\/\"},{\"@type\":\"ListItem\",\"position\":2,\"name\":\"Shop\",\"item\":\"https:\\\/\\\/authleticwear.com\\\/hu\\\/shop\\\/\"},{\"@type\":\"ListItem\",\"position\":3,\"name\":\"Naya Sportmelltart\u00f3 \u2013 Sz\u00fcrke\"}]},{\"@type\":\"WebSite\",\"@id\":\"https:\\\/\\\/authleticwear.com\\\/hu\\\/#website\",\"url\":\"https:\\\/\\\/authleticwear.com\\\/hu\\\/\",\"name\":\"Authletic HU\",\"description\":\"I am Authentic. I am Athletic. I am Authletic.\",\"publisher\":{\"@id\":\"https:\\\/\\\/authleticwear.com\\\/hu\\\/#organization\"},\"potentialAction\":[{\"@type\":\"SearchAction\",\"target\":{\"@type\":\"EntryPoint\",\"urlTemplate\":\"https:\\\/\\\/authleticwear.com\\\/hu\\\/?s={search_term_string}\"},\"query-input\":{\"@type\":\"PropertyValueSpecification\",\"valueRequired\":true,\"valueName\":\"search_term_string\"}}],\"inLanguage\":\"hu\"},{\"@type\":\"Organization\",\"@id\":\"https:\\\/\\\/authleticwear.com\\\/hu\\\/#organization\",\"name\":\"Authletic HU\",\"url\":\"https:\\\/\\\/authleticwear.com\\\/hu\\\/\",\"logo\":{\"@type\":\"ImageObject\",\"inLanguage\":\"hu\",\"@id\":\"https:\\\/\\\/authleticwear.com\\\/hu\\\/#\\\/schema\\\/logo\\\/image\\\/\",\"url\":\"https:\\\/\\\/authleticwear.com\\\/hu\\\/wp-content\\\/uploads\\\/sites\\\/8\\\/2023\\\/11\\\/logo-web-authletic.svg\",\"contentUrl\":\"https:\\\/\\\/authleticwear.com\\\/hu\\\/wp-content\\\/uploads\\\/sites\\\/8\\\/2023\\\/11\\\/logo-web-authletic.svg\",\"caption\":\"Authletic HU\"},\"image\":{\"@id\":\"https:\\\/\\\/authleticwear.com\\\/hu\\\/#\\\/schema\\\/logo\\\/image\\\/\"},\"sameAs\":[\"https:\\\/\\\/facebook.com\\\/authletic\\\/\",\"https:\\\/\\\/instagram.com\\\/authleticwear\\\/\",\"https:\\\/\\\/tiktok.com\\\/@authletic\"]}]}<\/script>\n<!-- \/ Yoast SEO plugin. -->","yoast_head_json":{"title":"Naya Sportmelltart\u00f3 \u2013 Sz\u00fcrke - Authletic HU","robots":{"index":"index","follow":"follow","max-snippet":"max-snippet:-1","max-image-preview":"max-image-preview:large","max-video-preview":"max-video-preview:-1"},"canonical":"https:\/\/authleticwear.com\/hu\/product\/naya-sportmelltarto-szurke\/","og_locale":"hu_HU","og_type":"article","og_title":"Naya Sportmelltart\u00f3 \u2013 Sz\u00fcrke - Authletic HU","og_description":"A \u201eNaya Sportmelltart\u00f3\u201d a go to v\u00e1laszt\u00e1sod k\u00f6zepes tart\u00e1shoz \u00e9s egy letisztult, el\u0151ny\u00f6s szab\u00e1shoz. A keresztezett p\u00e1ntok stabilan tartanak, a kompakt anyag pedig mos\u00e1sr\u00f3l mos\u00e1sra sima \u00e9s strapab\u00edr\u00f3 marad. T\u00f6k\u00e9letes a Naya leggingshez egy letisztult szett\u00e9rt.  Anyag: \u2013 78% Poliamid - 25% Elaszt\u00e1n","og_url":"https:\/\/authleticwear.com\/hu\/product\/naya-sportmelltarto-szurke\/","og_site_name":"Authletic HU","article_publisher":"https:\/\/facebook.com\/authletic\/","article_modified_time":"2026-04-25T20:18:42+00:00","og_image":[{"width":1400,"height":2000,"url":"https:\/\/authleticwear.com\/hu\/wp-content\/uploads\/sites\/8\/2026\/04\/naya-grey-top-details-HU.jpg","type":"image\/jpeg"}],"twitter_card":"summary_large_image","schema":{"@context":"https:\/\/schema.org","@graph":[{"@type":"WebPage","@id":"https:\/\/authleticwear.com\/hu\/product\/naya-sportmelltarto-szurke\/","url":"https:\/\/authleticwear.com\/hu\/product\/naya-sportmelltarto-szurke\/","name":"Naya Sportmelltart\u00f3 \u2013 Sz\u00fcrke - Authletic HU","isPartOf":{"@id":"https:\/\/authleticwear.com\/hu\/#website"},"primaryImageOfPage":{"@id":"https:\/\/authleticwear.com\/hu\/product\/naya-sportmelltarto-szurke\/#primaryimage"},"image":{"@id":"https:\/\/authleticwear.com\/hu\/product\/naya-sportmelltarto-szurke\/#primaryimage"},"thumbnailUrl":"https:\/\/authleticwear.com\/hu\/wp-content\/uploads\/sites\/8\/2026\/04\/naya-grey-top-details-HU.jpg","datePublished":"2026-04-07T14:53:39+00:00","dateModified":"2026-04-25T20:18:42+00:00","breadcrumb":{"@id":"https:\/\/authleticwear.com\/hu\/product\/naya-sportmelltarto-szurke\/#breadcrumb"},"inLanguage":"hu","potentialAction":[{"@type":"ReadAction","target":["https:\/\/authleticwear.com\/hu\/product\/naya-sportmelltarto-szurke\/"]}]},{"@type":"ImageObject","inLanguage":"hu","@id":"https:\/\/authleticwear.com\/hu\/product\/naya-sportmelltarto-szurke\/#primaryimage","url":"https:\/\/authleticwear.com\/hu\/wp-content\/uploads\/sites\/8\/2026\/04\/naya-grey-top-details-HU.jpg","contentUrl":"https:\/\/authleticwear.com\/hu\/wp-content\/uploads\/sites\/8\/2026\/04\/naya-grey-top-details-HU.jpg","width":1400,"height":2000},{"@type":"BreadcrumbList","@id":"https:\/\/authleticwear.com\/hu\/product\/naya-sportmelltarto-szurke\/#breadcrumb","itemListElement":[{"@type":"ListItem","position":1,"name":"Home","item":"https:\/\/authleticwear.com\/hu\/"},{"@type":"ListItem","position":2,"name":"Shop","item":"https:\/\/authleticwear.com\/hu\/shop\/"},{"@type":"ListItem","position":3,"name":"Naya Sportmelltart\u00f3 \u2013 Sz\u00fcrke"}]},{"@type":"WebSite","@id":"https:\/\/authleticwear.com\/hu\/#website","url":"https:\/\/authleticwear.com\/hu\/","name":"Authletic HU","description":"I am Authentic. I am Athletic. I am Authletic.","publisher":{"@id":"https:\/\/authleticwear.com\/hu\/#organization"},"potentialAction":[{"@type":"SearchAction","target":{"@type":"EntryPoint","urlTemplate":"https:\/\/authleticwear.com\/hu\/?s={search_term_string}"},"query-input":{"@type":"PropertyValueSpecification","valueRequired":true,"valueName":"search_term_string"}}],"inLanguage":"hu"},{"@type":"Organization","@id":"https:\/\/authleticwear.com\/hu\/#organization","name":"Authletic HU","url":"https:\/\/authleticwear.com\/hu\/","logo":{"@type":"ImageObject","inLanguage":"hu","@id":"https:\/\/authleticwear.com\/hu\/#\/schema\/logo\/image\/","url":"https:\/\/authleticwear.com\/hu\/wp-content\/uploads\/sites\/8\/2023\/11\/logo-web-authletic.svg","contentUrl":"https:\/\/authleticwear.com\/hu\/wp-content\/uploads\/sites\/8\/2023\/11\/logo-web-authletic.svg","caption":"Authletic HU"},"image":{"@id":"https:\/\/authleticwear.com\/hu\/#\/schema\/logo\/image\/"},"sameAs":["https:\/\/facebook.com\/authletic\/","https:\/\/instagram.com\/authleticwear\/","https:\/\/tiktok.com\/@authletic"]}]}},"_links":{"self":[{"href":"https:\/\/authleticwear.com\/hu\/wp-json\/wp\/v2\/product\/4753","targetHints":{"allow":["GET"]}}],"collection":[{"href":"https:\/\/authleticwear.com\/hu\/wp-json\/wp\/v2\/product"}],"about":[{"href":"https:\/\/authleticwear.com\/hu\/wp-json\/wp\/v2\/types\/product"}],"replies":[{"embeddable":true,"href":"https:\/\/authleticwear.com\/hu\/wp-json\/wp\/v2\/comments?post=4753"}],"wp:featuredmedia":[{"embeddable":true,"href":"https:\/\/authleticwear.com\/hu\/wp-json\/wp\/v2\/media\/4768"}],"wp:attachment":[{"href":"https:\/\/authleticwear.com\/hu\/wp-json\/wp\/v2\/media?parent=4753"}],"wp:term":[{"taxonomy":"product_brand","embeddable":true,"href":"https:\/\/authleticwear.com\/hu\/wp-json\/wp\/v2\/product_brand?post=4753"},{"taxonomy":"product_cat","embeddable":true,"href":"https:\/\/authleticwear.com\/hu\/wp-json\/wp\/v2\/product_cat?post=4753"},{"taxonomy":"product_tag","embeddable":true,"href":"https:\/\/authleticwear.com\/hu\/wp-json\/wp\/v2\/product_tag?post=4753"}],"curies":[{"name":"wp","href":"https:\/\/api.w.org\/{rel}","templated":true}]}}

Naya Sportmelltartó – Szürke

<p>A „Naya Sportmelltartó” a go to választásod közepes tartáshoz és egy letisztult, előnyös szabáshoz. A keresztezett pántok stabilan tartanak, a kompakt anyag pedig mosásról mosásra sima és strapabíró marad. Tökéletes a Naya leggingshez egy letisztult szettért.</p>
<p><strong>Anyag:</strong><br />
– 78% Poliamid<br />
&#8211; 25% Elasztán</p>

<!-- This site is optimized with the Yoast SEO plugin v27.4 - https://yoast.com/product/yoast-seo-wordpress/ -->
<title>Naya Sportmelltartó – Szürke - Authletic HU</title>
<meta name="robots" content="index, follow, max-snippet:-1, max-image-preview:large, max-video-preview:-1" />
<link rel="canonical" href="https://authleticwear.com/hu/product/naya-sportmelltarto-szurke/" />
<meta property="og:locale" content="hu_HU" />
<meta property="og:type" content="article" />
<meta property="og:title" content="Naya Sportmelltartó – Szürke - Authletic HU" />
<meta property="og:description" content="A „Naya Sportmelltartó” a go to választásod közepes tartáshoz és egy letisztult, előnyös szabáshoz. A keresztezett pántok stabilan tartanak, a kompakt anyag pedig mosásról mosásra sima és strapabíró marad. Tökéletes a Naya leggingshez egy letisztult szettért.  Anyag: – 78% Poliamid - 25% Elasztán" />
<meta property="og:url" content="https://authleticwear.com/hu/product/naya-sportmelltarto-szurke/" />
<meta property="og:site_name" content="Authletic HU" />
<meta property="article:publisher" content="https://facebook.com/authletic/" />
<meta property="article:modified_time" content="2026-04-25T20:18:42+00:00" />
<meta property="og:image" content="https://authleticwear.com/hu/wp-content/uploads/sites/8/2026/04/naya-grey-top-details-HU.jpg" />
	<meta property="og:image:width" content="1400" />
	<meta property="og:image:height" content="2000" />
	<meta property="og:image:type" content="image/jpeg" />
<meta name="twitter:card" content="summary_large_image" />
<script type="application/ld+json" class="yoast-schema-graph">{"@context":"https:\/\/schema.org","@graph":[{"@type":"WebPage","@id":"https:\/\/authleticwear.com\/hu\/product\/naya-sportmelltarto-szurke\/","url":"https:\/\/authleticwear.com\/hu\/product\/naya-sportmelltarto-szurke\/","name":"Naya Sportmelltartó – Szürke - Authletic HU","isPartOf":{"@id":"https:\/\/authleticwear.com\/hu\/#website"},"primaryImageOfPage":{"@id":"https:\/\/authleticwear.com\/hu\/product\/naya-sportmelltarto-szurke\/#primaryimage"},"image":{"@id":"https:\/\/authleticwear.com\/hu\/product\/naya-sportmelltarto-szurke\/#primaryimage"},"thumbnailUrl":"https:\/\/authleticwear.com\/hu\/wp-content\/uploads\/sites\/8\/2026\/04\/naya-grey-top-details-HU.jpg","datePublished":"2026-04-07T14:53:39+00:00","dateModified":"2026-04-25T20:18:42+00:00","breadcrumb":{"@id":"https:\/\/authleticwear.com\/hu\/product\/naya-sportmelltarto-szurke\/#breadcrumb"},"inLanguage":"hu","potentialAction":[{"@type":"ReadAction","target":["https:\/\/authleticwear.com\/hu\/product\/naya-sportmelltarto-szurke\/"]}]},{"@type":"ImageObject","inLanguage":"hu","@id":"https:\/\/authleticwear.com\/hu\/product\/naya-sportmelltarto-szurke\/#primaryimage","url":"https:\/\/authleticwear.com\/hu\/wp-content\/uploads\/sites\/8\/2026\/04\/naya-grey-top-details-HU.jpg","contentUrl":"https:\/\/authleticwear.com\/hu\/wp-content\/uploads\/sites\/8\/2026\/04\/naya-grey-top-details-HU.jpg","width":1400,"height":2000},{"@type":"BreadcrumbList","@id":"https:\/\/authleticwear.com\/hu\/product\/naya-sportmelltarto-szurke\/#breadcrumb","itemListElement":[{"@type":"ListItem","position":1,"name":"Home","item":"https:\/\/authleticwear.com\/hu\/"},{"@type":"ListItem","position":2,"name":"Shop","item":"https:\/\/authleticwear.com\/hu\/shop\/"},{"@type":"ListItem","position":3,"name":"Naya Sportmelltartó – Szürke"}]},{"@type":"WebSite","@id":"https:\/\/authleticwear.com\/hu\/#website","url":"https:\/\/authleticwear.com\/hu\/","name":"Authletic HU","description":"I am Authentic. I am Athletic. I am Authletic.","publisher":{"@id":"https:\/\/authleticwear.com\/hu\/#organization"},"potentialAction":[{"@type":"SearchAction","target":{"@type":"EntryPoint","urlTemplate":"https:\/\/authleticwear.com\/hu\/?s={search_term_string}"},"query-input":{"@type":"PropertyValueSpecification","valueRequired":true,"valueName":"search_term_string"}}],"inLanguage":"hu"},{"@type":"Organization","@id":"https:\/\/authleticwear.com\/hu\/#organization","name":"Authletic HU","url":"https:\/\/authleticwear.com\/hu\/","logo":{"@type":"ImageObject","inLanguage":"hu","@id":"https:\/\/authleticwear.com\/hu\/#\/schema\/logo\/image\/","url":"https:\/\/authleticwear.com\/hu\/wp-content\/uploads\/sites\/8\/2023\/11\/logo-web-authletic.svg","contentUrl":"https:\/\/authleticwear.com\/hu\/wp-content\/uploads\/sites\/8\/2023\/11\/logo-web-authletic.svg","caption":"Authletic HU"},"image":{"@id":"https:\/\/authleticwear.com\/hu\/#\/schema\/logo\/image\/"},"sameAs":["https:\/\/facebook.com\/authletic\/","https:\/\/instagram.com\/authleticwear\/","https:\/\/tiktok.com\/@authletic"]}]}</script>
<!-- / Yoast SEO plugin. -->

Naya Sportmelltartó – Szürke - Authletic HU

A „Naya Sportmelltartó” a go to választásod közepes tartáshoz és egy letisztult, előnyös szabáshoz. A keresztezett pántok stabilan tartanak, a kompakt anyag pedig mosásról mosásra sima és strapabíró marad. Tökéletes a Naya leggingshez egy letisztult szettért.  Anyag: – 78% Poliamid - 25% Elasztán
